)
-46
What is the value of 0 + -24 + (16 + 1 + -19 - -13)?
-13
1 - -38 - (-1860 + 1975)
-76
Calculate -1 + -76 + (41 + -22 - 60 - -22).
-96
What is the value of -10 - (51 + -40) - 29?
-50
(-1 - -31) + 1093 + -1159
-36
Evaluate 68 + (-1 - (-53 - -118)).
2
Calculate -7 + (49 + -10 - (110 + -97)).
19
What is the value of 12 + (8 - (13 - (-13 - -8)) - (9 - 43))?
36
Evaluate (5 + -5 - 5) + (-4 + 10 - -14) - 10.
5
Calculate 0 - 5 - -63 - 35.
23
Evaluate 76 - (302 + -214 + 59).
-71
Calculate (45 + -88 - 71) + -12.
-126
What is the value of (2 + -6 - (-8 - -7) - -2 - -43) + 9?
51
Calculate (19 - 8 - 23) + -7 + 35.
16
What is the value of -11 + (-3 - (-11 - (0 - -1 - 22)))?
-24
What is 9 - (2 - (2 - ((-4 - 2) + 5 + -8)))?
18
Calculate 25 + (-11 - -10 - 12) - (-5 + -11).
28
1 + ((6 - 17) + 2 - (-8 - -7)) + 97
90
Calculate (0 + -1 - (40 + 3)) + 571 + -559.
-32
What is the value of 11 - (-7 + 10) - (77 - (-8 + 5))?
-72
Evaluate (-304 + -271 - -669) + 0 + -14 + 1.
81
Calculate -5 - -18 - (-12 + (3 - -18) + -11).
15
Evaluate (3 - (1 + -2)) + (195 - 239).
-40
Evaluate (3 - 1) + 39 + (30 + -28 - 35).
8
(11 - ((3 - 0) + 2) - (74 - 19)) + 0
-49
What is the value of (6 - 0) + -103 + -76 + 115?
-58
What is -201 - -221 - (123 - (0 + 7 - 5))?
-101
What is the value of -23 - 0 - (-267 - -278)?
-34
(-2 - 29) + (354 - 280) + -131
-88
Evaluate (-7 - -2) + (-58 - -12 - -47).
-4
Evaluate (-10 - (-4 - 58)) + -14 + 8.
46
What is (62 - (97 - 36) - (0 - 14)) + -6?
9
24 + -1 + (-7924 - -7867)
-34
Calculate -3434 + 3520 - (-1 - -1 - (5 - 16)).
75
Evaluate (-2 - 18) + 11 + -8 + 17 + -34.
-34
-20 + (-2 + 11 + -8 - -25)
6
What is -22 + 47 + 27 + -38?
14
5 + (-13 - 33 - (0 - 3 - (34 + -28)))
-32
What is 1 + -18 + 8 + 6 + -27?
-30
What is -913 + 1003 - (6 + 23)?
61
-45 + (-3 - -67) + 8
27
33 + (14 - -61) + -87
21
Evaluate (23 + -14 + -21 - 5) + 0 - 3.
-20
What is the value of 12 + (32 - 47 - -14)?
11
Evaluate 41 - -12 - (-41 - -51).
43
Calculate -4 - (-24 - (-10 - (-2 - -5)) - 0) - 140.
-133
Evaluate (3 - 0) + -4 + -20 - (472 + -472).
-21
109 - ((18 + 0 - 11) + 5 + 2 + -16)
111
Calculate 48 - (-11 + 35 - 12 - -7).
29
What is the value of (2 - (5 + -15)) + -548 + 493?
-43
(9 - (4 - 13 - -18 - 27)) + -6
21
Calculate (-4 - 4 - -6 - -6) + -86 + (281 - 290).
-91
Evaluate -669 - -636 - (-26 - 3).
-4
What is the value of 2 + -4 + 0 + (56 + -10 - 96)?
-52
Evaluate -2 + (44 - -5) + 11 + (-6 - 1).
51
What is (-7 - (-6 - 6)) + 8 - (-21 - -3)?
31
Calculate 17 + 12 + (3 - (1 - 5)) + -8.
28
What is the value of (37 + -21 - 1) + -2 + -64?
-51
-2 + 2 + 2 + (31 - 20) + 16
29
What is 3 - ((-2 - 10) + (61 - (0 + 7 + -6)))?
-45
Evaluate 115 + 5 + -492 + 371.
-1
Calculate 108 + 39 + (113 - 194).
66
Evaluate 2 - (42 + 38 + -93).
15
What is (52 - 64 - 11) + 3 + 9 + -3 + 107?
93
Evaluate (-26 - 39) + 10 + -16.
-71
What is the value of (-3 - -4 - -11) + (-38 - (-4 + 11)) + 13?
-20
What is the value of -16 + 39 + (-1 - 7 - 12)?
3
What is -19 + (-84 - -74 - (39 - (2 - -2)))?
-64
What is (-20 - (-133 + 23)) + -18 + -20?
52
Calculate 3 + (13 - 24) + (-7 - -1) - 88.
-102
-368 - -426 - (5 + -4 + 23)
34
What is the value of -103 + 126 - ((1 - -2) + (46 - 0))?
-26
What is 35 + (-24 - (-20 + 36))?
-5
53 - (-11 - -76 - 26)
14
What is -8824 + 8711 - (-200 + 2)?
85
What is the value of -10 + ((-24 - -28) + -11 + 4 - (-15 + 126))?
-124
-152 + (13 + 29 + -56 - -60)
-106
What is the value of -18 + 64 + 13 + -11 - 22?
26
(64 - 35 - (5 + 11)) + -5 + 12
20
(-30 - 1) + 1610 + -1604
-25
What is (-20207 - -20316) + -117 + -1?
-9
What is the value of 18 + -20 + 24 + -25?
-3
15 + 1 + 1 + (44 - (-52 + 151))
-38
-66 + 40 + 100 - 123
-49
Calculate 0 - -7 - (1823 + -1826 + 0 + (2 - 14)).
22
Calculate (-4 - 1) + 14529 + -14625.
-101
Evaluate (5 - 22) + (-61 - -71) + 18.
11
What is -1 + -1 - (263 + (-176 - 134))?
45
Calculate -19 - (125 + -22) - 15.
-137
Evaluate (4 - 1 - 37) + (2617 - 2650).
-67
What is the value of 4 + (-7 - (3 + 3)) - 4 - 53?
-66
(25 - 11) + 3 + 8 + -3 + 16
38
What is -9 - (1 + -49 - (7 + 10 + -22))?
34
What is 25 + 7 + 1 + -5 + (-17 - -30) + -11?
30
What is 24 - (25 - 24 - 11 - -28)?
6
Calculate 1810 + -1804 - (1 - (55 - (-2 + 4))).
58
(44 - 23) + (-27 - 46)
-52
(27 - -5 - (4 + 7)) + 0
21
-15 + -1 + 1 + (-23 - 17 - -25) + 14
-16
-50 - -1 - (3506 + -3446)
-109
153 + (-9 - 56) + -35
53
What is -9 - (69 - 114 - 15)?
51
What is the value of -56 + 45 + -38 + 7?
-42
Calculate -6 + (119 - (113 - -128)).
-128
What is 9 - (34 - (53 - 31))?
-3
70 - (23 + 6 - 38)
79
Calculate 17 + 24 + -1 + (0 - (6 - 9)) + -13.
30
83 + (-51 - (41 + 18))
-27
What is the value of -45 + 56 + 38 - 12?
37
What is 16 + (0 - 1 - 1 - (-281 + 228))?
67
(1 - (-35 + 41 - (18 - 1))) + 123 + -125
10
Evaluate 122 - 75 - 0 - -1.
48
Calculate 17 + (2 - (18 - (10 + -1))) - -5.
15
Calculate 82 + -25 + (81 - 61).
77
Evaluate -11 - -3 - (-299 - -276).
15
Calculate (-3861 - -3824) + (1 - 61).
-97
-186 - -96 - (-108 + -18)
36
What is the value of 47 + 1 - (-27 + -30 - -45)?
60
What is (-10 + 14 - 11) + (150 - 78)?
65
What is -1 - -33 - (-401 + 479 + 104)?
-150
Evaluate -127 + 73 + (26 - -19).
-9
Evaluate 12 + 5 + -13 + -8 + -2 + -1.
-7
Calculate 83 + (-6 - (-23 - (-3 - 5) - (5 - 28))).
69
Calculate -45 + (-16 - -34) - (-35 + -10).
18
Calculate (-13 - (-29 + 7)) + -2.
7
Calculate -139 + 84 + (3 + 6 - -10).
-36
What is the value of 148 + -65 + -130 - (-1 + 3)?
-49
What is (476 - 492) + 0 + (-5 - -75)?
54
Calculate 19 + 9 - (-98 - -25 - -21).
80
What is the value of -52 - ((-327 - -321) + -14 + 1)?
-33
(-5 + -28 - -19) + 30 - -1
17
What is -28 + -26 + (1 - 0) + 47?
-6
Calculate -27 + 2 + 52 - -60 - (-4 + 18).
73
What is the value of (4 - 13 - (1 - -1)) + -15 + 5?
-21
What is ((5 - 2) + 1 - (20 + -42)) + 6?
32
Calculate 117 + (40 - 69) + 16 - 18.
86
Calculate 6 - ((119 - 220) + 6).
101
What is the value of 13 + ((-5 - 57) + -39 - (-11 + 2 + 0))?
-79
-6063 + 6224 - (109 + 0)
52
84 - 12 - (-5 + 8 + -7 + 13)
63
59 - (103 - 37) - -17
10
What is the value of (-49 - -7) + 18 - (7 - (2 - -1))?
-28
-7 + 3 - -10 - (-42 + 53) - 65
-70
Calculate 162 + -219 + (-4 - -4).
-57
What is the value of 7 - (1 + (-6 - -29) - 65)?
48
What is the value of -232 + 215 - (7 + -32)?
8
Evaluate 25 + (-22 - -15) + -38 + 32.
12
-1 - 39 - 7 - (140 + -124)
-63
What is -53 + (94 - 79) + (96 - 3)?
55
305 - 294 - (4 + 3 + -85)
89
What is -7 + 83 + 5 + (45 - 51)?
75
(-1 - -16) + -1 - (53 + (0 - -16) + -41)
-14
Calculate (-5 + 23 + 39 + -48 - 26) + 82.
65
What is 2 - (-1 - (0 - -5 - 2)) - (82 - 90)?
14
What is the value of 1 + -2 - -37 - (149 - (8 - -157))?
52
Calculate -28 - (47 + 70) - -142.
-3
What is 12 - (58 - (-65 - -173))?
62
What is -41 + -3 + (10 + -7 - 18) + 17?
-42
-2 - (60 - (-8 - (3 - 27) - (0 - -12)))
-58
What is -21 - (-12 + 12) - -113 - (13 - (0 - -3))?
82
What is 23 + (-63 + -3 - (60 - 60))?
-43
What is the value of 24 - 23 - 6 - (16 - -7)?
-28
What is -48 - (-8 + -3 + 7 + -5)?
-39
Evaluate 7 - (-14 + 27 + -17 - (-1 - 27)).
-17
What is the value of -345 - -337 - ((7 - (1 - -7)) + (-1 - 28))?
22
Calculate 1 + 4 + (0 - (-52 + 21 - 7)).
43
Calculate 1 + (-22 - -41) + 33 + -11.
42
Evaluate 3 - ((-232 - -250) + 0 + 24).
-39
What is -2 + (-1 - (4 + -1)) - (174 - 121)?
-59
Calculate 3 + -4 + (-30 + -7 - (12 + (-9 - 0))).
-41
-128 + 24 - -20 - -9 - 8
-83
What is the value of -27 + (-1 - (-18 + 8))?
-18
What is the value of (-169 + 260 - 73) + (0 - 99)?
-81
Calculate 64 + 20 + 6 + -14 + -4 + -10.
62
Evaluate (-1 - (-1 + 7) - (-36 + -14)) + -15.
28
What is the value of 24 - (-8 + 0) - ((5 - -12) + -18)?
33
What is -1 + -9 - (-142 + -103 + 221)?
14
Evaluate -7 - (-2 + -5 + -38 + (-40 - (1 - 21))).
58
(-4 - -9) + (-71 - 8 - (9 + (-3 - 4)))
-76
What is 12 - ((0 - -7) + (7 - -21) + -34)?
11
What is (-59 - (-46 + 9)) + 38?
16
What is (-24 - 4 - (39 + -34)) + 13 + 3?
-17
What is 52 - ((0 - (7 - -2)) + 134 + -113)?
40
What is the value of -54 + 10 + (7 + -12 + 15 + 1 - 9)?
-42
-30 - (-73 + (41 - 22))
24
What is the value of -43 - 1 - ((-3 - (4 + -2)) + 74 + -75)?
-38
Calculate -73 + (-21 + 24 - (-22 + 12)).
-60
Calculate 0 + -87 - (-1780 + 1727).
-34
Evaluate (18 - 15) + -3 - (5 + (-1 - (20 - 3))).
13
What is the value of (-253 - -251) + 33 + -2 - 35?
-6
What is the value of 10 + (14 - 13) - ((8 - 